40346422 + 55?
40346510
In base 15, what is -1b - 2435013?
-243502e
In base 16, what is -44c4 - -367?
-415d
In base 10, what is 8 + 4159855?
4159863
In base 4, what is -13 + -1212100312?
-1212100331
In base 4, what is -21000213001 - 2?
-21000213003
In base 7, what is -16612 + -13602?
-33514
In base 6, what is 110 - 101223?
-101113
In base 14, what is -121 + ab31?
aa10
In base 8, what is 30 + -2327221?
-2327171
In base 4, what is -10 - 313031011000?
-313031011010
In base 11, what is -1a - 5630044?
-5630063
In base 8, what is -3710562 + -36?
-3710620
In base 10, what is 5 + 2747587?
2747592
In base 9, what is -12084 - -1774?
-10210
In base 13, what is 48 - 1aa200?
-1aa185
In base 9, what is -1478077853 + 0?
-1478077853
In base 14, what is 351 - 5370?
-501d
In base 3, what is -1210011221200 - -112202?
-1210011101221
In base 3, what is -1 + -101120100200?
-101120100201
In base 7, what is 23 + 4621656?
4622012
In base 14, what is 220c + 897?
2aa5
In base 12, what is 1 + -15821327?
-15821326
In base 13, what is -18c213 + -4?
-18c217
In base 16, what is 5cb69 - -62?
5cbcb
In base 2, what is 11010011011 - 110110101110?
-11100010011
In base 8, what is -1623 + -564255?
-566100
In base 12, what is 977 - 6250?
-5495
In base 6, what is -14 - -1031210134?
1031210120
In base 5, what is 10 + -231342210312?
-231342210302
In base 4, what is -3 + -11201320303001?
-11201320303010
In base 16, what is -1d - -1ba08?
1b9eb
In base 6, what is 23502 - 2000?
21502
In base 12, what is -16a37a + -a8?
-16a466
In base 7, what is -341105 - -244?
-340531
In base 5, what is -112031402130 - 11?
-112031402141
In base 13, what is a9cb85 + -a?
a9cb78
In base 10, what is 11101880 - -4?
11101884
In base 3, what is -1212212 - 111012101?
-120002020
In base 4, what is 31 + 1022331200?
1022331231
In base 13, what is 152 + -57ab?
-5659
In base 6, what is -320204532542 - -1?
-320204532541
In base 3, what is 1021 + -20110212221?
-20110211200
In base 2, what is -110010011100110010 - -100111000110?
-110001110101101100
In base 9, what is 3025 - -454766?
457802
In base 3, what is 112 - 102222120000011?
-102222112222122
In base 5, what is 224 + -113132013?
-113131234
In base 13, what is 11b2c69 - 2?
11b2c67
In base 3, what is 2110 + 21000202010?
21000211120
In base 11, what is -68 + 1aa142?
1aa085
In base 14, what is -255 - 56cd?
-5944
In base 2, what is 10001001111 - 100010100111101111?
-100010010110100000
In base 6, what is 5 - 3444215353?
-3444215344
In base 9, what is 10260164 + -1?
10260163
In base 2, what is 11 + 111100111100100100101011?
111100111100100100101110
In base 16, what is 179 - -3ff21?
4009a
In base 7, what is 42465210 + -426?
42464451
In base 14, what is -4cb85b + 8?
-4cb853
In base 10, what is -5 - 38695836?
-38695841
In base 14, what is 3d7 + 84b77?
85170
In base 14, what is -10a - -37580c?
375702
In base 9, what is -188200 - 285?
-188485
In base 6, what is 5403233524 - -3?
5403233531
In base 7, what is -10 + -21214505?
-21214515
In base 5, what is -401222012 - 41?
-401222103
In base 12, what is -5514b647 + -1?
-5514b648
In base 4, what is -1222301 + 11100?
-1211201
In base 7, what is -1012051 + 144?
-1011604
In base 3, what is 220122111112011 + -1001?
220122111111010
In base 11, what is 12 - -106a055?
106a067
In base 5, what is -12 - -1132000111?
1132000044
In base 6, what is -5451 - 34543?
-44434
In base 13, what is -6bc261 + 14?
-6bc24a
In base 10, what is 30189497 - 1?
30189496
In base 8, what is 105 - -2516546?
2516653
In base 8, what is 115250672 - -36?
115250730
In base 8, what is -515 - 140201?
-140716
In base 4, what is -31332111 + -33321?
-32032032
In base 10, what is 6 - 9705726?
-9705720
In base 13, what is -4 + -15687a9?
-15687b0
In base 12, what is -1171b355 + 0?
-1171b355
In base 15, what is 13a8872c - 0?
13a8872c
In base 8, what is 12147 + 15766?
30135
In base 16, what is -bcaec4 - 5?
-bcaec9
In base 6, what is -21304340300 - 4?
-21304340304
In base 15, what is 12a9 - -24180?
25439
In base 12, what is 4 + -9216003?
-9215bbb
In base 7, what is 6221 + -116?
6102
In base 2, what is -10000 - -110011111010101010010000?
110011111010101010000000
In base 11, what is 9703 - 1445?
8269
In base 11, what is 103 - 97004?
-96a01
In base 11, what is 27 - -122aa3?
12301a
In base 16, what is 2 - 480a7be?
-480a7bc
In base 16, what is fe3d1f5 + 1?
fe3d1f6
In base 6, what is 22 - 2114025?
-2114003
In base 10, what is 201570 + 10?
201580
In base 2, what is 1001110010001100111100000111 - 0?
1001110010001100111100000111
In base 3, what is 0 - -10102021012?
10102021012
In base 4, what is -3 - -11121331032?
11121331023
In base 3, what is 10212 + 10101010010111?
10101010021100
In base 2, what is 10111100110110110 - 11111110?
10111100010111000
In base 6, what is -1153102010 - 0?
-1153102010
In base 12, what is -3 - -22014323?
22014320
In base 15, what is 6010365 + 0?
6010365
In base 2, what is -10010001011011 + -10000110?
-10010011100001
In base 3, what is 2 - -1000102001110010020?
1000102001110010022
In base 12, what is 6688 - -9020?
136a8
In base 11, what is 18811a49 - -7?
18811a55
In base 4, what is 13020301111333 - -11?
13020301112010
In base 9, what is -3250 - -46677?
43427
In base 4, what is 11 - 11332231132233?
-11332231132222
In base 8, what is 111 + 241202?
241313
In base 3, what is 200221222 - 1122012?
122022210
In base 13, what is -903 - -3a3?
-530
In base 6, what is -330430 - 143113?
-513543
In base 8, what is 65344 - -7?
65353
In base 4, what is 3321321123120 + 3?
3321321123123
In base 13, what is 24a + 1887?
1b04
In base 16, what is -2 - 393ac?
-393ae
In base 10, what is -124920278 - 0?
-124920278
In base 9, what is 877 - 7670?
-6682
In base 3, what is 2210222220202 + 22000?
2211000012202
In base 14, what is 53ad + 27?
53d6
In base 9, what is 2030785748 + 5?
2030785754
In base 4, what is 10332123 + -32232?
10233231
In base 11, what is 59073 - 2643?
56530
In base 13, what is -b1796a + -2?
-b1796c
In base 4, what is 2213302223 - 210?
2213302013
In base 9, what is 20660678 - -33?
20660722
In base 16, what is 9ad57 + -95?
9acc2
In base 4, what is 1100 + -12312101?
-12311001
In base 2, what is 11001101100010 - -11100011011010?
110110000111100
In base 12, what is a881b83 - -4?
a881b87
In base 3, what is 101021 - 220121212?
-220020121
In base 2, what is 1011100110011000101 + -1001101?
1011100110001111000
In base 11, what is 418696 - 10?
418686
In base 10, what is 5856228 - -6?
5856234
In base 8, what is -5 - 2567011?
-2567016
In base 10, what is -74211891 + 2?
-74211889
In base 5, what is 4 - 3101203410?
-3101203401
In base 4, what is -31 + -121011131122?
-121011131213
In base 13, what is 5c86 + 6643?
c5c9
In base 7, what is 6020001 - 235?
6016433
In base 2, what is 10000101101100000010 - -10101110101?
10000110000001110111
In base 9, what is 43317 - 50?
43257
In base 7, what is 21 - -12424?
12445
In base 8, what is -712722460 - -5?
-712722453
In base 13, what is 4 + -1cb13673?
-1cb1366c
In base 13, what is 1 - -3616a28?
3616a29
In base 6, what is 21120555 + -141?
21120414
In base 7, what is -430565034 + -11?
-430565045
In base 4, what is -1102301 + 102323?
-333312
In base 7, what is -31665522 - 53?
-31665605
In base 2, what is 1011100010000101011 + 1100000100?
1011100011100101111
In base 15, what is 107 + 1c523?
1c62a
In base 13, what is -6 + 51b2c?
51b26
In base 10, what is -161717 + 55?
-161662
In base 12, what is -b5b + 5153?
41b4
In base 13, what is -6517 - -70c?
-5b08
In base 9, what is -347 - 2273452?
-2273810
In base 10, what is 12 + -791923?
-791911
In base 12, what is -210a + -5974?
-7a82
In base 15, what is -e4 - 9a18?
-9b0c
In base 12, what is 2611950 + 0?
2611950
In base 12, what is -17 + -197581?
-197598
In base 12, what is -140baa - -161?
-140a49
In base 7, what is -13 - 5615455?
-5615501
In base 15, what is -45 - -17cc3bd?
17cc378
In base 13, what is -1644896a9 + -3?
-1644896ac
In base 12, what is 3527 - 1a2a0?
-16975
In base 7, what is -5 + 1514460642?
1514460634
In base 3, what is 1020 + -10012112?
-10011022
In base 4, what is -20 + 3321202033?
3321202013
In base 14, what is -224 + -d22b?
-d451
In base 2, what is 1010110110001011 + -1000100011?
1010101101101000
In base 9, what is 5 - 230687081?
-230687075
In base 7, what is -5 - 11062364?
-11062402
In base 